{"id":10,"date":"2024-10-15T18:04:38","date_gmt":"2024-10-15T18:04:38","guid":{"rendered":"https:\/\/activ-sante.ro\/?page_id=10"},"modified":"2025-07-23T12:21:58","modified_gmt":"2025-07-23T12:21:58","slug":"acasa","status":"publish","type":"page","link":"https:\/\/activ-sante.ro\/","title":{"rendered":"Acas\u0103"},"content":{"rendered":"\t\t<div data-elementor-type=\"wp-page\" data-elementor-id=\"10\" class=\"elementor elementor-10\">\n\t\t\t\t<div class=\"elementor-element elementor-element-67e9a22 e-grid e-con-full e-con e-parent\" data-id=\"67e9a22\" data-element_type=\"container\">\n\t\t\t\t<div class=\"elementor-element elementor-element-19af91e elementor-widget elementor-widget-image\" data-id=\"19af91e\" data-element_type=\"widget\" data-widget_type=\"image.default\">\n\t\t\t\t<div class=\"elementor-widget-container\">\n\t\t\t\t\t\t\t\t\t\t\t\t\t<img fetchpriority=\"high\" decoding=\"async\" width=\"1024\" height=\"684\" src=\"https:\/\/activ-sante.ro\/wp-content\/uploads\/2025\/07\/1111-1024x684.jpg\" class=\"attachment-large size-large wp-image-126\" alt=\"\" srcset=\"https:\/\/activ-sante.ro\/wp-content\/uploads\/2025\/07\/1111-1024x684.jpg 1024w, https:\/\/activ-sante.ro\/wp-content\/uploads\/2025\/07\/1111-300x200.jpg 300w, https:\/\/activ-sante.ro\/wp-content\/uploads\/2025\/07\/1111-768x513.jpg 768w, https:\/\/activ-sante.ro\/wp-content\/uploads\/2025\/07\/1111.jpg 1200w\" sizes=\"(max-width: 1024px) 100vw, 1024px\" \/>\t\t\t\t\t\t\t\t\t\t\t\t\t<\/div>\n\t\t\t\t<\/div>\n\t\t<div class=\"elementor-element elementor-element-71cb37e e-con-full e-flex e-con e-child\" data-id=\"71cb37e\" data-element_type=\"container\">\n\t\t\t\t<div class=\"elementor-element elementor-element-f0722d5 elementor-widget elementor-widget-heading\" data-id=\"f0722d5\" data-element_type=\"widget\" data-widget_type=\"heading.default\">\n\t\t\t\t<div class=\"elementor-widget-container\">\n\t\t\t<h2 class=\"elementor-heading-title elementor-size-default\">Mi\u0219c\u0103-te spre s\u0103n\u0103tate cu Activ Sante!<\/h2>\t\t<\/div>\n\t\t\t\t<\/div>\n\t\t\t\t<div class=\"elementor-element elementor-element-000be29 elementor-widget elementor-widget-text-editor\" data-id=\"000be29\" data-element_type=\"widget\" data-widget_type=\"text-editor.default\">\n\t\t\t\t<div class=\"elementor-widget-container\">\n\t\t\t\t\t\t\t<p>La Activ Sante, suntem o echip\u0103 de trei terapeu\u021bi dedica\u021bi, fiecare cu specializ\u0103ri unice, care \u00eembin\u0103 expertiza pentru a oferi un tratament complet \u0219i personalizat fiec\u0103rui pacient. Fiecare dintre noi aduce o perspectiv\u0103 diferit\u0103 \u00een procesul de recuperare, asigur\u00e2nd o abordare holistic\u0103 \u0219i eficient\u0103<\/p>\t\t\t\t\t\t<\/div>\n\t\t\t\t<\/div>\n\t\t\t\t<\/div>\n\t\t\t\t<\/div>\n\t\t<div class=\"elementor-element elementor-element-95c2750 e-flex e-con-boxed e-con e-parent\" data-id=\"95c2750\" data-element_type=\"container\">\n\t\t\t\t\t<div class=\"e-con-inner\">\n\t\t\t\t<div class=\"elementor-element elementor-element-0daad75 elementor-widget elementor-widget-spacer\" data-id=\"0daad75\" data-element_type=\"widget\" data-widget_type=\"spacer.default\">\n\t\t\t\t<div class=\"elementor-widget-container\">\n\t\t\t\t\t<div class=\"elementor-spacer\">\n\t\t\t<div class=\"elementor-spacer-inner\"><\/div>\n\t\t<\/div>\n\t\t\t\t<\/div>\n\t\t\t\t<\/div>\n\t\t\t\t<div class=\"elementor-element elementor-element-1ded4f0 elementor-widget elementor-widget-heading\" data-id=\"1ded4f0\" data-element_type=\"widget\" data-widget_type=\"heading.default\">\n\t\t\t\t<div class=\"elementor-widget-container\">\n\t\t\t<h2 class=\"elementor-heading-title elementor-size-default\">Mi\u015fcarea \u00eensemn\u0103 via\u0163\u0103 !<\/h2>\t\t<\/div>\n\t\t\t\t<\/div>\n\t\t\t\t<div class=\"elementor-element elementor-element-fb891f9 elementor-widget elementor-widget-spacer\" data-id=\"fb891f9\" data-element_type=\"widget\" data-widget_type=\"spacer.default\">\n\t\t\t\t<div class=\"elementor-widget-container\">\n\t\t\t\t\t<div class=\"elementor-spacer\">\n\t\t\t<div class=\"elementor-spacer-inner\"><\/div>\n\t\t<\/div>\n\t\t\t\t<\/div>\n\t\t\t\t<\/div>\n\t\t\t\t<div class=\"elementor-element elementor-element-87bebbf elementor-widget elementor-widget-text-editor\" data-id=\"87bebbf\" data-element_type=\"widget\" data-widget_type=\"text-editor.default\">\n\t\t\t\t<div class=\"elementor-widget-container\">\n\t\t\t\t\t\t\t<p>\u00cen urma analizei posturii \u015fi aplicarea testelor specifice putem identifica factorii care cauzeaz\u0103 disconfortul dvs. Miscarea \u00eensemna via\u0163a, \u00een timp, corpul nostru are tendin\u0163a de a-\u015fi pierde mobilitatea, noi v\u0103 ajut\u0103m la men\u0163inerea acestuia \u00eentr-o form\u0103 c\u00e2t mai bun\u0103, pe l\u00e2ng\u0103 libertatea de mi\u015fcare, nu de pu\u0163ine ori, se ob\u0163ine \u015fi liberatatea min\u0163ii.<\/p><p>S\u0103 lucram \u00een domeniul s\u0103n\u0103ta\u0163ii este pentru noi o obliga\u0163ie de a fi seriosi \u015fi cu valori morale des\u0103v\u00e2r\u015fite.<\/p>\t\t\t\t\t\t<\/div>\n\t\t\t\t<\/div>\n\t\t\t\t<div class=\"elementor-element elementor-element-99966fd elementor-widget elementor-widget-spacer\" data-id=\"99966fd\" data-element_type=\"widget\" data-widget_type=\"spacer.default\">\n\t\t\t\t<div class=\"elementor-widget-container\">\n\t\t\t\t\t<div class=\"elementor-spacer\">\n\t\t\t<div class=\"elementor-spacer-inner\"><\/div>\n\t\t<\/div>\n\t\t\t\t<\/div>\n\t\t\t\t<\/div>\n\t\t\t\t\t<\/div>\n\t\t\t\t<\/div>\n\t\t<div class=\"elementor-element elementor-element-14bc160 e-flex e-con-boxed e-con e-parent\" data-id=\"14bc160\" data-element_type=\"container\">\n\t\t\t\t\t<div class=\"e-con-inner\">\n\t\t\t\t<div class=\"elementor-element elementor-element-8acf077 elementor-widget elementor-widget-heading\" data-id=\"8acf077\" data-element_type=\"widget\" data-widget_type=\"heading.default\">\n\t\t\t\t<div class=\"elementor-widget-container\">\n\t\t\t<h2 class=\"elementor-heading-title elementor-size-default\">Afl\u0103 mai multe despre <a href=\"https:\/\/activ-sante.ro\/index.php\/servicii\/\"> <u> serviciile noastre <\/u> <\/a>  sau  <a href=\"https:\/\/activ-sante.ro\/index.php\/contact\/\"><u> contacteaz\u0103-ne <\/u><\/a><\/h2>\t\t<\/div>\n\t\t\t\t<\/div>\n\t\t\t\t\t<\/div>\n\t\t\t\t<\/div>\n\t\t<div class=\"elementor-element elementor-element-4fb087e e-flex e-con-boxed e-con e-parent\" data-id=\"4fb087e\" data-element_type=\"container\">\n\t\t\t\t\t<div class=\"e-con-inner\">\n\t\t\t\t<div class=\"elementor-element elementor-element-413bf79 elementor-widget elementor-widget-spacer\" data-id=\"413bf79\" data-element_type=\"widget\" data-widget_type=\"spacer.default\">\n\t\t\t\t<div class=\"elementor-widget-container\">\n\t\t\t\t\t<div class=\"elementor-spacer\">\n\t\t\t<div class=\"elementor-spacer-inner\"><\/div>\n\t\t<\/div>\n\t\t\t\t<\/div>\n\t\t\t\t<\/div>\n\t\t\t\t<div class=\"elementor-element elementor-element-64a3b0b elementor-widget elementor-widget-heading\" data-id=\"64a3b0b\" data-element_type=\"widget\" data-widget_type=\"heading.default\">\n\t\t\t\t<div class=\"elementor-widget-container\">\n\t\t\t<h2 class=\"elementor-heading-title elementor-size-default\">DESPRE KINETOTERAPIE<\/h2>\t\t<\/div>\n\t\t\t\t<\/div>\n\t\t\t\t<div class=\"elementor-element elementor-element-307c9f1 elementor-widget elementor-widget-text-editor\" data-id=\"307c9f1\" data-element_type=\"widget\" data-widget_type=\"text-editor.default\">\n\t\t\t\t<div class=\"elementor-widget-container\">\n\t\t\t\t\t\t\t<p><b>Kinetoterapia<\/b> este o ramur\u0103 a terapiei fizice care se concentreaz\u0103 pe refacerea, \u00eembun\u0103t\u0103\u021birea \u0219i men\u021binerea mobilit\u0103\u021bii \u0219i func\u021bionalit\u0103\u021bii corpului prin exerci\u021bii specifice. Este esen\u021bial\u0103 \u00een recuperarea dup\u0103 leziuni, interven\u021bii chirurgicale sau afec\u021biuni cronice care afecteaz\u0103 sistemul musculo-scheletic \u0219i nu numai.<\/p><p><strong>Ce facem in cadrul kinetoterapiei?<\/strong><\/p><ol><li><b>Recuperare func\u021bional\u0103<\/b>: Kinetoterapeutul ajut\u0103 pacien\u021bii s\u0103 recupereze mobilitatea \u0219i func\u021bionalitatea p\u0103r\u021bilor afectate ale corpului, fie c\u0103 este vorba de articula\u021bii, mu\u0219chi sau nervi. Se lucreaz\u0103 la reducerea durerii \u0219i la cre\u0219terea flexibilit\u0103\u021bii.<\/li><li><b>Reabilitare post-traumatic\u0103 \u0219i post-operatorie<\/b>: Oferim suport \u00een recuperarea dup\u0103 accidente sau interven\u021bii chirurgicale, precum protezarea de genunchi sau \u0219old. Se dezvolt\u0103 un plan de exerci\u021bii pentru a readuce pacientul la o func\u021bionare optim\u0103.<\/li><li><b>Corectarea posturii \u0219i alinierii<\/b>: Prin exerci\u021bii specifice, se corecteaz\u0103 pozi\u021bia corpului, alinierea coloanei vertebrale \u0219i se \u00eembun\u0103t\u0103\u021besc tiparele de mi\u0219care, prevenind astfel dureri cronice \u0219i deform\u0103ri.<\/li><li><b>\u00cembun\u0103t\u0103\u021birea coordon\u0103rii \u0219i echilibrului<\/b>: Se lucreaz\u0103 cu pacien\u021bi care au probleme de echilibru sau coordonare, adesea cauzate de afec\u021biuni neurologice sau \u00eenaintarea \u00een v\u00e2rst\u0103.<\/li><li><b>Prevenirea recidivelor<\/b>: Prin consolidarea \u0219i stabilizarea zonei afectate, kinetoterapia ajut\u0103 la prevenirea reapari\u021biei leziunilor sau a problemelor ini\u021biale.<\/li><\/ol>\t\t\t\t\t\t<\/div>\n\t\t\t\t<\/div>\n\t\t\t\t<div class=\"elementor-element elementor-element-825e4b6 elementor-widget elementor-widget-text-editor\" data-id=\"825e4b6\" data-element_type=\"widget\" data-widget_type=\"text-editor.default\">\n\t\t\t\t<div class=\"elementor-widget-container\">\n\t\t\t\t\t\t\t<p><strong>Cum facem kinetoterapia?<\/strong><\/p><ol><li><strong>Evaluare detaliat\u0103<\/strong>: Procesul \u00eencepe cu o evaluare complet\u0103 a pacientului, pentru a \u00een\u021belege problemele de s\u0103n\u0103tate \u0219i obiectivele de recuperare. Se realizeaz\u0103 un bilan\u021b al mobilit\u0103\u021bii, for\u021bei musculare \u0219i al capacit\u0103\u021bilor func\u021bionale.<\/li><li><strong>Plan de tratament personalizat<\/strong>: Fiecare pacient beneficiaz\u0103 de un program de exerci\u021bii creat special pentru nevoile sale. Planul este adaptat la tipul de afec\u021biune, nivelul de activitate \u0219i obiectivele personale ale pacientului.<\/li><li><strong>Tehnici variate de terapie<\/strong>: Utiliz\u0103m o gam\u0103 larg\u0103 de tehnici \u0219i exerci\u021bii, precum stretching, antrenament de for\u021b\u0103, exerci\u021bii de mobilitate \u0219i metode de relaxare muscular\u0103. \u00cen plus, se folosesc tehnici manuale \u0219i echipamente specifice pentru a asista \u00een procesul de recuperare.<\/li><li><strong>Monitorizarea progresului<\/strong>: Pe parcursul tratamentului, monitoriz\u0103m atent progresul pacientului \u0219i ajust\u0103m programul de exerci\u021bii pentru a ne asigura c\u0103 obiectivele sunt atinse \u00een mod eficient.<\/li><li><strong>Educa\u021bia pacientului<\/strong>: \u00cei \u00eenv\u0103\u021b\u0103m pe pacien\u021bi cum s\u0103 continue exerci\u021biile acas\u0103 \u0219i cum s\u0103-\u0219i adapteze activit\u0103\u021bile zilnice pentru a preveni recidivele \u0219i pentru a men\u021bine progresul realizat \u00een cabinet.<\/li><\/ol><p>Kinetoterapia reprezint\u0103 o abordare activ\u0103 a recuper\u0103rii, pun\u00e2nd accent pe participarea pacientului \u00een procesul de vindecare. Scopul nostru este de a ajuta fiecare pacient s\u0103 se bucure din nou de activit\u0103\u021bile de zi cu zi, f\u0103r\u0103 durere \u0219i limit\u0103ri, \u0219i s\u0103-\u0219i recapete \u00eencrederea \u00een propriul corp.<\/p>\t\t\t\t\t\t<\/div>\n\t\t\t\t<\/div>\n\t\t\t\t<div class=\"elementor-element elementor-element-a5ae588 elementor-widget elementor-widget-spacer\" data-id=\"a5ae588\" data-element_type=\"widget\" data-widget_type=\"spacer.default\">\n\t\t\t\t<div class=\"elementor-widget-container\">\n\t\t\t\t\t<div class=\"elementor-spacer\">\n\t\t\t<div class=\"elementor-spacer-inner\"><\/div>\n\t\t<\/div>\n\t\t\t\t<\/div>\n\t\t\t\t<\/div>\n\t\t\t\t\t<\/div>\n\t\t\t\t<\/div>\n\t\t<div class=\"elementor-element elementor-element-1cb2298 e-flex e-con-boxed e-con e-parent\" data-id=\"1cb2298\" data-element_type=\"container\">\n\t\t\t\t\t<div class=\"e-con-inner\">\n\t\t\t\t<div class=\"elementor-element elementor-element-967be40 elementor-shape-rounded elementor-grid-0 e-grid-align-center elementor-widget elementor-widget-social-icons\" data-id=\"967be40\" data-element_type=\"widget\" data-widget_type=\"social-icons.default\">\n\t\t\t\t<div class=\"elementor-widget-container\">\n\t\t\t\t\t<div class=\"elementor-social-icons-wrapper elementor-grid\">\n\t\t\t\t\t\t\t<span class=\"elementor-grid-item\">\n\t\t\t\t\t<a class=\"elementor-icon elementor-social-icon elementor-social-icon-facebook elementor-repeater-item-12af3d3\" href=\"https:\/\/www.facebook.com\/people\/Activ-Sante\/100075528563652\/\" target=\"_blank\">\n\t\t\t\t\t\t<span class=\"elementor-screen-only\">Facebook<\/span>\n\t\t\t\t\t\t<svg class=\"e-font-icon-svg e-fab-facebook\" viewBox=\"0 0 512 512\" xmlns=\"http:\/\/www.w3.org\/2000\/svg\"><path d=\"M504 256C504 119 393 8 256 8S8 119 8 256c0 123.78 90.69 226.38 209.25 245V327.69h-63V256h63v-54.64c0-62.15 37-96.48 93.67-96.48 27.14 0 55.52 4.84 55.52 4.84v61h-31.28c-30.8 0-40.41 19.12-40.41 38.73V256h68.78l-11 71.69h-57.78V501C413.31 482.38 504 379.78 504 256z\"><\/path><\/svg>\t\t\t\t\t<\/a>\n\t\t\t\t<\/span>\n\t\t\t\t\t\t\t<span class=\"elementor-grid-item\">\n\t\t\t\t\t<a class=\"elementor-icon elementor-social-icon elementor-social-icon-instagram elementor-repeater-item-7ba8f7e\" target=\"_blank\">\n\t\t\t\t\t\t<span class=\"elementor-screen-only\">Instagram<\/span>\n\t\t\t\t\t\t<svg class=\"e-font-icon-svg e-fab-instagram\" viewBox=\"0 0 448 512\" xmlns=\"http:\/\/www.w3.org\/2000\/svg\"><path d=\"M224.1 141c-63.6 0-114.9 51.3-114.9 114.9s51.3 114.9 114.9 114.9S339 319.5 339 255.9 287.7 141 224.1 141zm0 189.6c-41.1 0-74.7-33.5-74.7-74.7s33.5-74.7 74.7-74.7 74.7 33.5 74.7 74.7-33.6 74.7-74.7 74.7zm146.4-194.3c0 14.9-12 26.8-26.8 26.8-14.9 0-26.8-12-26.8-26.8s12-26.8 26.8-26.8 26.8 12 26.8 26.8zm76.1 27.2c-1.7-35.9-9.9-67.7-36.2-93.9-26.2-26.2-58-34.4-93.9-36.2-37-2.1-147.9-2.1-184.9 0-35.8 1.7-67.6 9.9-93.9 36.1s-34.4 58-36.2 93.9c-2.1 37-2.1 147.9 0 184.9 1.7 35.9 9.9 67.7 36.2 93.9s58 34.4 93.9 36.2c37 2.1 147.9 2.1 184.9 0 35.9-1.7 67.7-9.9 93.9-36.2 26.2-26.2 34.4-58 36.2-93.9 2.1-37 2.1-147.8 0-184.8zM398.8 388c-7.8 19.6-22.9 34.7-42.6 42.6-29.5 11.7-99.5 9-132.1 9s-102.7 2.6-132.1-9c-19.6-7.8-34.7-22.9-42.6-42.6-11.7-29.5-9-99.5-9-132.1s-2.6-102.7 9-132.1c7.8-19.6 22.9-34.7 42.6-42.6 29.5-11.7 99.5-9 132.1-9s102.7-2.6 132.1 9c19.6 7.8 34.7 22.9 42.6 42.6 11.7 29.5 9 99.5 9 132.1s2.7 102.7-9 132.1z\"><\/path><\/svg>\t\t\t\t\t<\/a>\n\t\t\t\t<\/span>\n\t\t\t\t\t\t\t<span class=\"elementor-grid-item\">\n\t\t\t\t\t<a class=\"elementor-icon elementor-social-icon elementor-social-icon-whatsapp elementor-repeater-item-d7e83d6\" target=\"_blank\">\n\t\t\t\t\t\t<span class=\"elementor-screen-only\">Whatsapp<\/span>\n\t\t\t\t\t\t<svg class=\"e-font-icon-svg e-fab-whatsapp\" viewBox=\"0 0 448 512\" xmlns=\"http:\/\/www.w3.org\/2000\/svg\"><path d=\"M380.9 97.1C339 55.1 283.2 32 223.9 32c-122.4 0-222 99.6-222 222 0 39.1 10.2 77.3 29.6 111L0 480l117.7-30.9c32.4 17.7 68.9 27 106.1 27h.1c122.3 0 224.1-99.6 224.1-222 0-59.3-25.2-115-67.1-157zm-157 341.6c-33.2 0-65.7-8.9-94-25.7l-6.7-4-69.8 18.3L72 359.2l-4.4-7c-18.5-29.4-28.2-63.3-28.2-98.2 0-101.7 82.8-184.5 184.6-184.5 49.3 0 95.6 19.2 130.4 54.1 34.8 34.9 56.2 81.2 56.1 130.5 0 101.8-84.9 184.6-186.6 184.6zm101.2-138.2c-5.5-2.8-32.8-16.2-37.9-18-5.1-1.9-8.8-2.8-12.5 2.8-3.7 5.6-14.3 18-17.6 21.8-3.2 3.7-6.5 4.2-12 1.4-32.6-16.3-54-29.1-75.5-66-5.7-9.8 5.7-9.1 16.3-30.3 1.8-3.7.9-6.9-.5-9.7-1.4-2.8-12.5-30.1-17.1-41.2-4.5-10.8-9.1-9.3-12.5-9.5-3.2-.2-6.9-.2-10.6-.2-3.7 0-9.7 1.4-14.8 6.9-5.1 5.6-19.4 19-19.4 46.3 0 27.3 19.9 53.7 22.6 57.4 2.8 3.7 39.1 59.7 94.8 83.8 35.2 15.2 49 16.5 66.6 13.9 10.7-1.6 32.8-13.4 37.4-26.4 4.6-13 4.6-24.1 3.2-26.4-1.3-2.5-5-3.9-10.5-6.6z\"><\/path><\/svg>\t\t\t\t\t<\/a>\n\t\t\t\t<\/span>\n\t\t\t\t\t<\/div>\n\t\t\t\t<\/div>\n\t\t\t\t<\/div>\n\t\t\t\t\t<\/div>\n\t\t\t\t<\/div>\n\t\t<div class=\"elementor-element elementor-element-2d3ec4e e-flex e-con-boxed e-con e-parent\" data-id=\"2d3ec4e\" data-element_type=\"container\">\n\t\t\t\t\t<div class=\"e-con-inner\">\n\t\t\t\t<div class=\"elementor-element elementor-element-be0fb44 elementor-widget elementor-widget-heading\" data-id=\"be0fb44\" data-element_type=\"widget\" data-widget_type=\"heading.default\">\n\t\t\t\t<div class=\"elementor-widget-container\">\n\t\t\t<h2 class=\"elementor-heading-title elementor-size-default\"><span style=\", Arial, sans-serif;font-size: 16px;font-style: normal;font-weight: 400\">Unde ne <\/span><span class=\"word\" data-words=\"g\u0103se\u0219ti,gasesti\" style=\"font-weight: 600;cursor: pointer;, Arial, sans-serif;font-size: 16px;font-style: normal\">g\u0103se\u0219ti<\/span><span style=\", Arial, sans-serif;font-size: 16px;font-style: normal;font-weight: 400\">? Municipiul Roman, Bulevardul Republicii nr 53, Judetul Neamt <\/span><\/h2>\t\t<\/div>\n\t\t\t\t<\/div>\n\t\t\t\t<div class=\"elementor-element elementor-element-de52500 elementor-widget elementor-widget-google_maps\" data-id=\"de52500\" data-element_type=\"widget\" data-widget_type=\"google_maps.default\">\n\t\t\t\t<div class=\"elementor-widget-container\">\n\t\t\t\t\t<div class=\"elementor-custom-embed\">\n\t\t\t<iframe loading=\"lazy\"\n\t\t\t\t\tsrc=\"https:\/\/maps.google.com\/maps?q=Bulevardul%20Republicii%2053%2C%20Roman%20611127&#038;t=m&#038;z=12&#038;output=embed&#038;iwloc=near\"\n\t\t\t\t\ttitle=\"Bulevardul Republicii 53, Roman 611127\"\n\t\t\t\t\taria-label=\"Bulevardul Republicii 53, Roman 611127\"\n\t\t\t><\/iframe>\n\t\t<\/div>\n\t\t\t\t<\/div>\n\t\t\t\t<\/div>\n\t\t\t\t\t<\/div>\n\t\t\t\t<\/div>\n\t\t<div class=\"elementor-element elementor-element-0be0393 e-flex e-con-boxed e-con e-parent\" data-id=\"0be0393\" data-element_type=\"container\">\n\t\t\t\t\t<div class=\"e-con-inner\">\n\t\t\t\t\t<\/div>\n\t\t\t\t<\/div>\n\t\t\t\t<\/div>\n\t\t","protected":false},"excerpt":{"rendered":"<p>Mi\u0219c\u0103-te spre s\u0103n\u0103tate cu Activ Sante! La Activ Sante, suntem o echip\u0103 de trei terapeu\u021bi dedica\u021bi, fiecare cu specializ\u0103ri unice, care \u00eembin\u0103 expertiza pentru a oferi un tratament complet \u0219i personalizat fiec\u0103rui pacient. Fiecare dintre noi aduce o perspectiv\u0103 diferit\u0103 \u00een procesul de recuperare, asigur\u00e2nd o abordare holistic\u0103 \u0219i eficient\u0103 Mi\u015fcarea \u00eensemn\u0103 via\u0163\u0103 ! \u00cen [&hellip;]<\/p>\n","protected":false},"author":1,"featured_media":0,"parent":0,"menu_order":0,"comment_status":"closed","ping_status":"closed","template":"","meta":{"footnotes":""},"class_list":["post-10","page","type-page","status-publish","hentry","entry"],"_links":{"self":[{"href":"https:\/\/activ-sante.ro\/index.php\/wp-json\/wp\/v2\/pages\/10","targetHints":{"allow":["GET"]}}],"collection":[{"href":"https:\/\/activ-sante.ro\/index.php\/wp-json\/wp\/v2\/pages"}],"about":[{"href":"https:\/\/activ-sante.ro\/index.php\/wp-json\/wp\/v2\/types\/page"}],"author":[{"embeddable":true,"href":"https:\/\/activ-sante.ro\/index.php\/wp-json\/wp\/v2\/users\/1"}],"replies":[{"embeddable":true,"href":"https:\/\/activ-sante.ro\/index.php\/wp-json\/wp\/v2\/comments?post=10"}],"version-history":[{"count":22,"href":"https:\/\/activ-sante.ro\/index.php\/wp-json\/wp\/v2\/pages\/10\/revisions"}],"predecessor-version":[{"id":129,"href":"https:\/\/activ-sante.ro\/index.php\/wp-json\/wp\/v2\/pages\/10\/revisions\/129"}],"wp:attachment":[{"href":"https:\/\/activ-sante.ro\/index.php\/wp-json\/wp\/v2\/media?parent=10"}],"curies":[{"name":"wp","href":"https:\/\/api.w.org\/{rel}","templated":true}]}}